{"id":656,"date":"2021-04-27T19:37:16","date_gmt":"2021-04-27T17:37:16","guid":{"rendered":"https:\/\/surin79.fr\/?page_id=656"},"modified":"2024-08-26T12:42:07","modified_gmt":"2024-08-26T10:42:07","slug":"rpi","status":"publish","type":"page","link":"https:\/\/surin79.fr\/?page_id=656","title":{"rendered":"RPIC-SIVU"},"content":{"rendered":"\n<p>Les regroupements p\u00e9dagogiques intercommunaux Concentr\u00e9s (RPIC) permettent \u00e0 plusieurs communes, notamment en milieu rural, de se r\u00e9unir pour l&rsquo;\u00e9tablissement et l&rsquo;entretien d&rsquo;une \u00e9cole. Les d\u00e9penses sont alors r\u00e9parties entre les communes selon les termes de l&rsquo;accord conclu, fixant notamment les conditions de r\u00e9partition des charges des \u00e9coles regroup\u00e9es.<\/p>\n\n\n\n<p>Le RPI est compos\u00e9  des communes de Surin et Xaintray, sous forme d\u2019un \u00ab regroupement p\u00e9dagogique concentr\u00e9 \u00bb dans les locaux de l\u2019\u00e9cole de Surin d\u00e9nomm\u00e9e \u00ab \u00e9cole de Surin-Xaintray \u00bb.<\/p>\n\n\n\n<p><br>Le syndicat a pour objet dans le cadre du regroupement p\u00e9dagogique concentr\u00e9 la prise en charge des frais de fonctionnement et d\u2019investissement : fournitures scolaires, participation au transport et au financement des sorties, mise en place et fonctionnement des prestations sociales (garderies et restauration scolaire), achat des denr\u00e9es alimentaires, \u00e9quipement en mat\u00e9riel scolaire (investissement) de l\u2019\u00e9cole Surin-Xaintray, hors entretien et investissement des b\u00e2timents qui restent du ressort de la commune propri\u00e9taire de ces biens.<\/p>\n\n\n\n<p><br>Le SIVU-RPIC recrute les personnels charg\u00e9s de mettre en \u0153uvre les missions qui lui sont confi\u00e9es par les communes. Les ATSEM, et les animateurs p\u00e9riscolaires sont directement salari\u00e9s et les agents de restauration et d\u2019entretien sont mis \u00e0 disposition par la commune de Surin.<br>Les \u00e9l\u00e8ves de Surin, Xaintray comme ceux de Cours qui souhaitent terminer leur cursus primaire sur le RPIC sont donc accueillis \u00e0 partir de cette rentr\u00e9e scolaire \u00e0 l\u2019\u00e9cole de Surin-Xaintray et r\u00e9partis dans quatre classes<\/p>\n\n\n\n<p class=\"has-text-align-center has-medium-font-size\"><a href=\"https:\/\/surin79.fr\/?page_id=965\" target=\"_blank\" rel=\"noreferrer noopener\">Mairie de Surin-Mentions l\u00e9gales<\/a><\/p>\n","protected":false},"excerpt":{"rendered":"<p>Les regroupements p\u00e9dagogiques intercommunaux Concentr\u00e9s (RPIC) permettent \u00e0 plusieurs communes, notamment en milieu rural, de se r\u00e9unir pour l&rsquo;\u00e9tablissement et l&rsquo;entretien d&rsquo;une \u00e9cole. Les d\u00e9penses sont alors r\u00e9parties entre les communes selon les termes de l&rsquo;accord conclu, fixant notamment les conditions de r\u00e9partition des charges des \u00e9coles regroup\u00e9es. Le RPI<\/p>\n","protected":false},"author":1,"featured_media":0,"parent":0,"menu_order":0,"comment_status":"closed","ping_status":"closed","template":"","meta":{"footnotes":""},"class_list":["post-656","page","type-page","status-publish","hentry"],"_links":{"self":[{"href":"https:\/\/surin79.fr\/index.php?rest_route=\/wp\/v2\/pages\/656","targetHints":{"allow":["GET"]}}],"collection":[{"href":"https:\/\/surin79.fr\/index.php?rest_route=\/wp\/v2\/pages"}],"about":[{"href":"https:\/\/surin79.fr\/index.php?rest_route=\/wp\/v2\/types\/page"}],"author":[{"embeddable":true,"href":"https:\/\/surin79.fr\/index.php?rest_route=\/wp\/v2\/users\/1"}],"replies":[{"embeddable":true,"href":"https:\/\/surin79.fr\/index.php?rest_route=%2Fwp%2Fv2%2Fcomments&post=656"}],"version-history":[{"count":10,"href":"https:\/\/surin79.fr\/index.php?rest_route=\/wp\/v2\/pages\/656\/revisions"}],"predecessor-version":[{"id":1450,"href":"https:\/\/surin79.fr\/index.php?rest_route=\/wp\/v2\/pages\/656\/revisions\/1450"}],"wp:attachment":[{"href":"https:\/\/surin79.fr\/index.php?rest_route=%2Fwp%2Fv2%2Fmedia&parent=656"}],"curies":[{"name":"wp","href":"https:\/\/api.w.org\/{rel}","templated":true}]}}